{"id":10075,"date":"2024-01-30T01:08:13","date_gmt":"2024-01-30T01:08:13","guid":{"rendered":"https:\/\/rafaelflores.pt\/?post_type=projeto&#038;p=10075"},"modified":"2024-04-17T20:57:22","modified_gmt":"2024-04-17T20:57:22","slug":"inovplantprotect","status":"publish","type":"projeto","link":"https:\/\/fertiprado.pt\/es\/proyecto\/inovplantprotect\/","title":{"rendered":"Vertical Algas\u00a0"},"content":{"rendered":"<p>El principal objetivo del Pacto por la Bioeconom\u00eda Azul es reindustrializar las industrias portuguesas mediante la integraci\u00f3n de soluciones de biotecnolog\u00eda azul en las cadenas de valor, impulsando el uso sostenible de los biorrecursos marinos para aumentar el valor a\u00f1adido a trav\u00e9s de la innovaci\u00f3n neutra en carbono.<\/p>\n\n\n\n<p>El Pacto est\u00e1 organizado en siete verticales industriales, correspondientes a distintas cadenas de valor, cada uno de ellos dirigido por una empresa que es referencia en su \u00e1rea respectiva.<\/p>\n\n\n\n<p>Vertical Algae, en el que participan un total de 38 entidades, entre empresas, universidades, CoLABs y centros de Investigaci\u00f3n y Desarrollo (I+D), contar\u00e1 con una financiaci\u00f3n de 44 millones de euros y tiene como objetivo dotar al sector nacional de las algas de las capacidades y ventajas competitivas necesarias, basadas en nuevos productos, procesos y servicios sostenibles, para competir en los mercados globales y elevar la marca nacional en la bioeconom\u00eda azul europea.<\/p>","protected":false},"featured_media":10890,"template":"","categoria-id":[21],"class_list":["post-10075","projeto","type-projeto","status-publish","has-post-thumbnail","hentry","categoria-id-investigacao-desenvolvimento"],"acf":[],"yoast_head":"<!-- This site is optimized with the Yoast SEO plugin v24.7 - https:\/\/yoast.com\/wordpress\/plugins\/seo\/ -->\n<title>Vertical Algas | Solu\u00e7\u00f5es de Biotecnologia Azul - Fertiprado<\/title>\n<meta name=\"description\" content=\"O Pacto da Bioeconomia Azul integra solu\u00e7\u00f5es de biotecnologia azul nas cadeias de valor, potenciando a utiliza\u00e7\u00e3o sustent\u00e1vel dos biorrecursos marinhos para aumentar o valor acrescentado atrav\u00e9s da inova\u00e7\u00e3o neutra em carbono.\" \/>\n<meta name=\"robots\" content=\"index, follow, max-snippet:-1, max-image-preview:large, max-video-preview:-1\" \/>\n<link rel=\"canonical\" href=\"https:\/\/fertiprado.pt\/es\/proyecto\/inovplantprotect\/\" \/>\n<meta property=\"og:locale\" content=\"es_ES\" \/>\n<meta property=\"og:type\" content=\"article\" \/>\n<meta property=\"og:title\" content=\"Vertical Algas | Solu\u00e7\u00f5es de Biotecnologia Azul - Fertiprado\" \/>\n<meta property=\"og:description\" content=\"O Pacto da Bioeconomia Azul integra solu\u00e7\u00f5es de biotecnologia azul nas cadeias de valor, potenciando a utiliza\u00e7\u00e3o sustent\u00e1vel dos biorrecursos marinhos para aumentar o valor acrescentado atrav\u00e9s da inova\u00e7\u00e3o neutra em carbono.\" \/>\n<meta property=\"og:url\" content=\"https:\/\/fertiprado.pt\/es\/proyecto\/inovplantprotect\/\" \/>\n<meta property=\"og:site_name\" content=\"Fertiprado\" \/>\n<meta property=\"article:publisher\" content=\"https:\/\/www.facebook.com\/fertiprado\/\" \/>\n<meta property=\"article:modified_time\" content=\"2024-04-17T20:57:22+00:00\" \/>\n<meta property=\"og:image\" content=\"https:\/\/fertiprado.pt\/wp-content\/uploads\/2024\/01\/vertical_algas_1.jpg\" \/>\n\t<meta property=\"og:image:width\" content=\"1280\" \/>\n\t<meta property=\"og:image:height\" content=\"853\" \/>\n\t<meta property=\"og:image:type\" content=\"image\/jpeg\" \/>\n<meta name=\"twitter:card\" content=\"summary_large_image\" \/>\n<meta name=\"twitter:label1\" content=\"Tiempo de lectura\" \/>\n\t<meta name=\"twitter:data1\" content=\"1 minuto\" \/>\n<script type=\"application\/ld+json\" class=\"yoast-schema-graph\">{\"@context\":\"https:\/\/schema.org\",\"@graph\":[{\"@type\":\"WebPage\",\"@id\":\"https:\/\/fertiprado.pt\/projeto\/inovplantprotect\/\",\"url\":\"https:\/\/fertiprado.pt\/projeto\/inovplantprotect\/\",\"name\":\"Vertical Algas | Solu\u00e7\u00f5es de Biotecnologia Azul - Fertiprado\",\"isPartOf\":{\"@id\":\"https:\/\/fertiprado.pt\/#website\"},\"primaryImageOfPage\":{\"@id\":\"https:\/\/fertiprado.pt\/projeto\/inovplantprotect\/#primaryimage\"},\"image\":{\"@id\":\"https:\/\/fertiprado.pt\/projeto\/inovplantprotect\/#primaryimage\"},\"thumbnailUrl\":\"https:\/\/fertiprado.pt\/wp-content\/uploads\/2024\/01\/vertical_algas_1.jpg\",\"datePublished\":\"2024-01-30T01:08:13+00:00\",\"dateModified\":\"2024-04-17T20:57:22+00:00\",\"description\":\"O Pacto da Bioeconomia Azul integra solu\u00e7\u00f5es de biotecnologia azul nas cadeias de valor, potenciando a utiliza\u00e7\u00e3o sustent\u00e1vel dos biorrecursos marinhos para aumentar o valor acrescentado atrav\u00e9s da inova\u00e7\u00e3o neutra em carbono.\",\"breadcrumb\":{\"@id\":\"https:\/\/fertiprado.pt\/projeto\/inovplantprotect\/#breadcrumb\"},\"inLanguage\":\"es\",\"potentialAction\":[{\"@type\":\"ReadAction\",\"target\":[\"https:\/\/fertiprado.pt\/projeto\/inovplantprotect\/\"]}]},{\"@type\":\"ImageObject\",\"inLanguage\":\"es\",\"@id\":\"https:\/\/fertiprado.pt\/projeto\/inovplantprotect\/#primaryimage\",\"url\":\"https:\/\/fertiprado.pt\/wp-content\/uploads\/2024\/01\/vertical_algas_1.jpg\",\"contentUrl\":\"https:\/\/fertiprado.pt\/wp-content\/uploads\/2024\/01\/vertical_algas_1.jpg\",\"width\":1280,\"height\":853},{\"@type\":\"BreadcrumbList\",\"@id\":\"https:\/\/fertiprado.pt\/projeto\/inovplantprotect\/#breadcrumb\",\"itemListElement\":[{\"@type\":\"ListItem\",\"position\":1,\"name\":\"In\u00edcio\",\"item\":\"https:\/\/fertiprado.pt\/\"},{\"@type\":\"ListItem\",\"position\":2,\"name\":\"Vertical Algas\u00a0\"}]},{\"@type\":\"WebSite\",\"@id\":\"https:\/\/fertiprado.pt\/#website\",\"url\":\"https:\/\/fertiprado.pt\/\",\"name\":\"Fertiprado\",\"description\":\"Pastagens e Forragens\",\"publisher\":{\"@id\":\"https:\/\/fertiprado.pt\/#organization\"},\"potentialAction\":[{\"@type\":\"SearchAction\",\"target\":{\"@type\":\"EntryPoint\",\"urlTemplate\":\"https:\/\/fertiprado.pt\/?s={search_term_string}\"},\"query-input\":{\"@type\":\"PropertyValueSpecification\",\"valueRequired\":true,\"valueName\":\"search_term_string\"}}],\"inLanguage\":\"es\"},{\"@type\":\"Organization\",\"@id\":\"https:\/\/fertiprado.pt\/#organization\",\"name\":\"Fertiprado\",\"url\":\"https:\/\/fertiprado.pt\/\",\"logo\":{\"@type\":\"ImageObject\",\"inLanguage\":\"es\",\"@id\":\"https:\/\/fertiprado.pt\/#\/schema\/logo\/image\/\",\"url\":\"https:\/\/fertiprado.pt\/wp-content\/uploads\/2024\/03\/logo_fertiprado_simple.svg\",\"contentUrl\":\"https:\/\/fertiprado.pt\/wp-content\/uploads\/2024\/03\/logo_fertiprado_simple.svg\",\"width\":283,\"height\":78,\"caption\":\"Fertiprado\"},\"image\":{\"@id\":\"https:\/\/fertiprado.pt\/#\/schema\/logo\/image\/\"},\"sameAs\":[\"https:\/\/www.facebook.com\/fertiprado\/\",\"https:\/\/www.instagram.com\/fertiprado\/\",\"https:\/\/pt.linkedin.com\/company\/fertiprado\"]}]}<\/script>\n<!-- \/ Yoast SEO plugin. -->","yoast_head_json":{"title":"Vertical Algas | Solu\u00e7\u00f5es de Biotecnologia Azul - Fertiprado","description":"O Pacto da Bioeconomia Azul integra solu\u00e7\u00f5es de biotecnologia azul nas cadeias de valor, potenciando a utiliza\u00e7\u00e3o sustent\u00e1vel dos biorrecursos marinhos para aumentar o valor acrescentado atrav\u00e9s da inova\u00e7\u00e3o neutra em carbono.","robots":{"index":"index","follow":"follow","max-snippet":"max-snippet:-1","max-image-preview":"max-image-preview:large","max-video-preview":"max-video-preview:-1"},"canonical":"https:\/\/fertiprado.pt\/es\/proyecto\/inovplantprotect\/","og_locale":"es_ES","og_type":"article","og_title":"Vertical Algas | Solu\u00e7\u00f5es de Biotecnologia Azul - Fertiprado","og_description":"O Pacto da Bioeconomia Azul integra solu\u00e7\u00f5es de biotecnologia azul nas cadeias de valor, potenciando a utiliza\u00e7\u00e3o sustent\u00e1vel dos biorrecursos marinhos para aumentar o valor acrescentado atrav\u00e9s da inova\u00e7\u00e3o neutra em carbono.","og_url":"https:\/\/fertiprado.pt\/es\/proyecto\/inovplantprotect\/","og_site_name":"Fertiprado","article_publisher":"https:\/\/www.facebook.com\/fertiprado\/","article_modified_time":"2024-04-17T20:57:22+00:00","og_image":[{"width":1280,"height":853,"url":"https:\/\/fertiprado.pt\/wp-content\/uploads\/2024\/01\/vertical_algas_1.jpg","type":"image\/jpeg"}],"twitter_card":"summary_large_image","twitter_misc":{"Tiempo de lectura":"1 minuto"},"schema":{"@context":"https:\/\/schema.org","@graph":[{"@type":"WebPage","@id":"https:\/\/fertiprado.pt\/projeto\/inovplantprotect\/","url":"https:\/\/fertiprado.pt\/projeto\/inovplantprotect\/","name":"Vertical Algas | Solu\u00e7\u00f5es de Biotecnologia Azul - Fertiprado","isPartOf":{"@id":"https:\/\/fertiprado.pt\/#website"},"primaryImageOfPage":{"@id":"https:\/\/fertiprado.pt\/projeto\/inovplantprotect\/#primaryimage"},"image":{"@id":"https:\/\/fertiprado.pt\/projeto\/inovplantprotect\/#primaryimage"},"thumbnailUrl":"https:\/\/fertiprado.pt\/wp-content\/uploads\/2024\/01\/vertical_algas_1.jpg","datePublished":"2024-01-30T01:08:13+00:00","dateModified":"2024-04-17T20:57:22+00:00","description":"O Pacto da Bioeconomia Azul integra solu\u00e7\u00f5es de biotecnologia azul nas cadeias de valor, potenciando a utiliza\u00e7\u00e3o sustent\u00e1vel dos biorrecursos marinhos para aumentar o valor acrescentado atrav\u00e9s da inova\u00e7\u00e3o neutra em carbono.","breadcrumb":{"@id":"https:\/\/fertiprado.pt\/projeto\/inovplantprotect\/#breadcrumb"},"inLanguage":"es","potentialAction":[{"@type":"ReadAction","target":["https:\/\/fertiprado.pt\/projeto\/inovplantprotect\/"]}]},{"@type":"ImageObject","inLanguage":"es","@id":"https:\/\/fertiprado.pt\/projeto\/inovplantprotect\/#primaryimage","url":"https:\/\/fertiprado.pt\/wp-content\/uploads\/2024\/01\/vertical_algas_1.jpg","contentUrl":"https:\/\/fertiprado.pt\/wp-content\/uploads\/2024\/01\/vertical_algas_1.jpg","width":1280,"height":853},{"@type":"BreadcrumbList","@id":"https:\/\/fertiprado.pt\/projeto\/inovplantprotect\/#breadcrumb","itemListElement":[{"@type":"ListItem","position":1,"name":"In\u00edcio","item":"https:\/\/fertiprado.pt\/"},{"@type":"ListItem","position":2,"name":"Vertical Algas\u00a0"}]},{"@type":"WebSite","@id":"https:\/\/fertiprado.pt\/#website","url":"https:\/\/fertiprado.pt\/","name":"Fertiprado","description":"Pastagens e Forragens","publisher":{"@id":"https:\/\/fertiprado.pt\/#organization"},"potentialAction":[{"@type":"SearchAction","target":{"@type":"EntryPoint","urlTemplate":"https:\/\/fertiprado.pt\/?s={search_term_string}"},"query-input":{"@type":"PropertyValueSpecification","valueRequired":true,"valueName":"search_term_string"}}],"inLanguage":"es"},{"@type":"Organization","@id":"https:\/\/fertiprado.pt\/#organization","name":"Fertiprado","url":"https:\/\/fertiprado.pt\/","logo":{"@type":"ImageObject","inLanguage":"es","@id":"https:\/\/fertiprado.pt\/#\/schema\/logo\/image\/","url":"https:\/\/fertiprado.pt\/wp-content\/uploads\/2024\/03\/logo_fertiprado_simple.svg","contentUrl":"https:\/\/fertiprado.pt\/wp-content\/uploads\/2024\/03\/logo_fertiprado_simple.svg","width":283,"height":78,"caption":"Fertiprado"},"image":{"@id":"https:\/\/fertiprado.pt\/#\/schema\/logo\/image\/"},"sameAs":["https:\/\/www.facebook.com\/fertiprado\/","https:\/\/www.instagram.com\/fertiprado\/","https:\/\/pt.linkedin.com\/company\/fertiprado"]}]}},"_links":{"self":[{"href":"https:\/\/fertiprado.pt\/es\/wp-json\/wp\/v2\/projeto\/10075","targetHints":{"allow":["GET"]}}],"collection":[{"href":"https:\/\/fertiprado.pt\/es\/wp-json\/wp\/v2\/projeto"}],"about":[{"href":"https:\/\/fertiprado.pt\/es\/wp-json\/wp\/v2\/types\/projeto"}],"version-history":[{"count":1,"href":"https:\/\/fertiprado.pt\/es\/wp-json\/wp\/v2\/projeto\/10075\/revisions"}],"predecessor-version":[{"id":13079,"href":"https:\/\/fertiprado.pt\/es\/wp-json\/wp\/v2\/projeto\/10075\/revisions\/13079"}],"wp:featuredmedia":[{"embeddable":true,"href":"https:\/\/fertiprado.pt\/es\/wp-json\/wp\/v2\/media\/10890"}],"wp:attachment":[{"href":"https:\/\/fertiprado.pt\/es\/wp-json\/wp\/v2\/media?parent=10075"}],"wp:term":[{"taxonomy":"categoria-id","embeddable":true,"href":"https:\/\/fertiprado.pt\/es\/wp-json\/wp\/v2\/categoria-id?post=10075"}],"curies":[{"name":"wp","href":"https:\/\/api.w.org\/{rel}","templated":true}]}}

<p>El principal objetivo del Pacto por la Bioeconomía Azul es reindustrializar las industrias portuguesas mediante la integración de soluciones de biotecnología azul en las cadenas de valor, impulsando el uso sostenible de los biorrecursos marinos para aumentar el valor añadido a través de la innovación neutra en carbono.</p>



<p>El Pacto está organizado en siete verticales industriales, correspondientes a distintas cadenas de valor, cada uno de ellos dirigido por una empresa que es referencia en su área respectiva.</p>



<p>Vertical Algae, en el que participan un total de 38 entidades, entre empresas, universidades, CoLABs y centros de Investigación y Desarrollo (I+D), contará con una financiación de 44 millones de euros y tiene como objetivo dotar al sector nacional de las algas de las capacidades y ventajas competitivas necesarias, basadas en nuevos productos, procesos y servicios sostenibles, para competir en los mercados globales y elevar la marca nacional en la bioeconomía azul europea.</p>

<!-- This site is optimized with the Yoast SEO plugin v24.7 - https://yoast.com/wordpress/plugins/seo/ -->
<title>Vertical Algas | Soluções de Biotecnologia Azul - Fertiprado</title>
<meta name="description" content="O Pacto da Bioeconomia Azul integra soluções de biotecnologia azul nas cadeias de valor, potenciando a utilização sustentável dos biorrecursos marinhos para aumentar o valor acrescentado através da inovação neutra em carbono." />
<meta name="robots" content="index, follow, max-snippet:-1, max-image-preview:large, max-video-preview:-1" />
<link rel="canonical" href="https://fertiprado.pt/es/proyecto/inovplantprotect/" />
<meta property="og:locale" content="es_ES" />
<meta property="og:type" content="article" />
<meta property="og:title" content="Vertical Algas | Soluções de Biotecnologia Azul - Fertiprado" />
<meta property="og:description" content="O Pacto da Bioeconomia Azul integra soluções de biotecnologia azul nas cadeias de valor, potenciando a utilização sustentável dos biorrecursos marinhos para aumentar o valor acrescentado através da inovação neutra em carbono." />
<meta property="og:url" content="https://fertiprado.pt/es/proyecto/inovplantprotect/" />
<meta property="og:site_name" content="Fertiprado" />
<meta property="article:publisher" content="https://www.facebook.com/fertiprado/" />
<meta property="article:modified_time" content="2024-04-17T20:57:22+00:00" />
<meta property="og:image" content="https://fertiprado.pt/wp-content/uploads/2024/01/vertical_algas_1.jpg" />
	<meta property="og:image:width" content="1280" />
	<meta property="og:image:height" content="853" />
	<meta property="og:image:type" content="image/jpeg" />
<meta name="twitter:card" content="summary_large_image" />
<meta name="twitter:label1" content="Tiempo de lectura" />
	<meta name="twitter:data1" content="1 minuto" />
<script type="application/ld+json" class="yoast-schema-graph">{"@context":"https://schema.org","@graph":[{"@type":"WebPage","@id":"https://fertiprado.pt/projeto/inovplantprotect/","url":"https://fertiprado.pt/projeto/inovplantprotect/","name":"Vertical Algas | Soluções de Biotecnologia Azul - Fertiprado","isPartOf":{"@id":"https://fertiprado.pt/#website"},"primaryImageOfPage":{"@id":"https://fertiprado.pt/projeto/inovplantprotect/#primaryimage"},"image":{"@id":"https://fertiprado.pt/projeto/inovplantprotect/#primaryimage"},"thumbnailUrl":"https://fertiprado.pt/wp-content/uploads/2024/01/vertical_algas_1.jpg","datePublished":"2024-01-30T01:08:13+00:00","dateModified":"2024-04-17T20:57:22+00:00","description":"O Pacto da Bioeconomia Azul integra soluções de biotecnologia azul nas cadeias de valor, potenciando a utilização sustentável dos biorrecursos marinhos para aumentar o valor acrescentado através da inovação neutra em carbono.","breadcrumb":{"@id":"https://fertiprado.pt/projeto/inovplantprotect/#breadcrumb"},"inLanguage":"es","potentialAction":[{"@type":"ReadAction","target":["https://fertiprado.pt/projeto/inovplantprotect/"]}]},{"@type":"ImageObject","inLanguage":"es","@id":"https://fertiprado.pt/projeto/inovplantprotect/#primaryimage","url":"https://fertiprado.pt/wp-content/uploads/2024/01/vertical_algas_1.jpg","contentUrl":"https://fertiprado.pt/wp-content/uploads/2024/01/vertical_algas_1.jpg","width":1280,"height":853},{"@type":"BreadcrumbList","@id":"https://fertiprado.pt/projeto/inovplantprotect/#breadcrumb","itemListElement":[{"@type":"ListItem","position":1,"name":"Início","item":"https://fertiprado.pt/"},{"@type":"ListItem","position":2,"name":"Vertical Algas "}]},{"@type":"WebSite","@id":"https://fertiprado.pt/#website","url":"https://fertiprado.pt/","name":"Fertiprado","description":"Pastagens e Forragens","publisher":{"@id":"https://fertiprado.pt/#organization"},"potentialAction":[{"@type":"SearchAction","target":{"@type":"EntryPoint","urlTemplate":"https://fertiprado.pt/?s={search_term_string}"},"query-input":{"@type":"PropertyValueSpecification","valueRequired":true,"valueName":"search_term_string"}}],"inLanguage":"es"},{"@type":"Organization","@id":"https://fertiprado.pt/#organization","name":"Fertiprado","url":"https://fertiprado.pt/","logo":{"@type":"ImageObject","inLanguage":"es","@id":"https://fertiprado.pt/#/schema/logo/image/","url":"https://fertiprado.pt/wp-content/uploads/2024/03/logo_fertiprado_simple.svg","contentUrl":"https://fertiprado.pt/wp-content/uploads/2024/03/logo_fertiprado_simple.svg","width":283,"height":78,"caption":"Fertiprado"},"image":{"@id":"https://fertiprado.pt/#/schema/logo/image/"},"sameAs":["https://www.facebook.com/fertiprado/","https://www.instagram.com/fertiprado/","https://pt.linkedin.com/company/fertiprado"]}]}</script>
<!-- / Yoast SEO plugin. -->

Vertical Algas | Soluções de Biotecnologia Azul - Fertiprado

O Pacto da Bioeconomia Azul integra soluções de biotecnologia azul nas cadeias de valor, potenciando a utilização sustentável dos biorrecursos marinhos para aumentar o valor acrescentado através da inovação neutra em carbono.

Início
